 39, m = -2*h + 59. Suppose -5*v + 5*q = 2*q - 65, -5*v + 5*q = -m. Suppose 15 = 4*j - v. What is the units digit of j?
7
Let t(o) = 1040*o**2 - o - 1. What is the thousands digit of t(-1)?
1
Suppose -7*w + 1956 + 1607 = 0. What is the tens digit of w?
0
Let q = 30 - 26. What is the hundreds digit of -9 + 3488/24 + q/6?
1
Let q(f) = -5*f**2 + 3*f + 7. Let m(l) = -11*l**2 + 6*l + 14. Let b(o) = -6*m(o) + 13*q(o). Let p be b(9). Suppose 6*i - p = i. What is the units digit of i?
3
Let r = -846 - -2107. What is the hundreds digit of r?
2
Suppose -x + 25 = 4*x. Let c be (10/(-25) + 0)/((-2)/10). Suppose 3*g - 5*h - 29 = -10, -x*h = c*g + 4. What is the units digit of g?
3
Suppose 0 = -l + 5 + 4. What is the units digit of -2 + (136 - (l - 5))?
0
Suppose 2 - 42 = -8*y. Suppose -157 + 562 = y*j. What is the units digit of j?
1
Suppose 52187 = 23*j - 0*j. What is the tens digit of j?
6
Let a(t) = 16*t**2 + 4*t - 11. What is the hundreds digit of a(5)?
4
What is the hundreds digit of (-22)/(26/(-169) - (-62)/572)?
4
Let n(k) = -63*k - 254. What is the hundreds digit of n(-6)?
1
Let d be (1 - (3 - 0)) + 4. Suppose 2*m + 4*r - 12 = 0, 5*m - d*r - 22 = -4*r. Suppose 244 = m*p + p + 3*k, -k + 50 = p. What is the tens digit of p?
4
Suppose 949 = 5*f - y, -f + 5*y + 176 + 9 = 0. Suppose b - 2*q = 54, -4*b = 4*q + q - f. What is the units digit of b?
0
Let h be (-536)/(-4) + (-3)/(-1). Suppose 395 = 7*c - h. What is the tens digit of c?
7
Suppose -4*w - 20116 = -12*l + 8*l, -3*l + 15105 = 3*w. What is the units digit of l?
2
Suppose -2871 = -5*i + 4*g - 2*g, -i - 2*g = -579. What is the hundreds digit of i?
5
Let q(p) = p**3 + 35*p**2 + 106*p + 14. What is the tens digit of q(-30)?
3
Suppose -i - 5*y + 1682 = -1213, -8671 = -3*i - y. What is the thousands digit of i?
2
Let w(k) = -8*k - 1. Let o be w(4). Let x = -18 - o. What is the tens digit of 4/(-6)*x/(-1)?
1
Suppose 46725 = 29*t - 139. What is the thousands digit of t?
1
What is the hundreds digit of 46412/15 - -3 - (-24)/(-180)?
0
Let x = 1935 + -370. What is the thousands digit of x?
1
Suppose 5*r + 318 = 3693. What is the units digit of r?
5
Let d(l) = 139*l**2 - 10*l + 9. What is the tens digit of d(1)?
3
Suppose -3*d + 3*o + 165 = 0, -2*o - 2 = -4*o. Suppose d = -4*b + 204. What is the tens digit of b?
3
Let t(h) = -12*h**3 + 5*h**2 - 2*h - 5. Let m(l) = -12*l**3 + 4*l**2 - l - 5. Let p(s) = -6*m(s) + 5*t(s). What is the tens digit of p(2)?
9
Let q = 839 - 728. What is the hundreds digit of q?
1
Let t(g) be the second derivative of g**5/4 + g**4/12 + g**3/3 - 3*g**2 + 24*g. What is the units digit of t(2)?
2
Suppose -5*z = a - 2382, -a + 29*z - 32*z = -2390. What is the thousands digit of a?
2
Let z = -13 + 21. Suppose h - 3*h = z. Let j(q) = q**3 + 3*q**2 - 4*q + 1. What is the units digit of j(h)?
1
Suppose 2*f - 107 + 27 = 0. Let v = f + 25. What is the tens digit of v?
6
Suppose -21*t + 25*t = -12. What is the hundreds digit of (-3563)/(-14) - t*(-2)/12?
2
Let t(d) = 2*d**3 - 2*d - 4. Let p(w) = -w**2 - 7*w + 3. Let c be p(-7). Let r be t(c). What is the units digit of (-12)/(-8)*r/3?
2
Let o be (-6)/(-4)*20/(-30). Let i(b) = -b**3 - b**2 - b. What is the units digit of i(o)?
1
Suppose -4*b - 8 = 0, 7*w - 11*w + 628 = 4*b. What is the hundreds digit of w?
1
Let k be (20/(-15))/4 - (-147)/9. What is the units digit of ((-6)/(-8))/(k/2688)?
6
Suppose 0 = -2*d + 4*c + 18, -5*d = -2*c - 2*c - 21. Suppose -4*y + d - 5 = 0. What is the units digit of (2 - 1)/(y/(-43))?
3
Let x be 3/(-1) + 8 + -2. Suppose -x*y = 5 - 23. What is the units digit of y?
6
Suppose -4 = -6*t + 7*t. What is the tens digit of t/(-6)*63/2?
2
Let y(o) = -o**2 - 5*o + 2. Suppose -36 = 5*r - 6. Let g be y(r). What is the tens digit of -153*(g - (-33)/9)?
5
Let l be (-4)/10 - 249/15. Suppose 2*u + 108 = -u. Let s = l - u. What is the units digit of s?
9
Let x(y) = y**3 + 5*y**2 - 13*y + 8. Let a be x(-7). Let z be (4/(-2) + -3)/(-1). Suppose -j + z - a = 0. What is the units digit of j?
4
Let s(h) = h**2 - 5*h + 6. Let j be s(4). Suppose 0*q - 72 = -j*q. Suppose y - 5*y = -q. What is the units digit of y?
9
Let r be 84/30 + 1/5. Suppose 10 = r*n + 2*n. What is the units digit of (-2 + 0)/(n/(-17))?
7
Let t(f) = -f**2 - f + 1. Let h(a) = -87*a**3 + 2*a**2 + a - 2. Let k(d) = h(d) + t(d). What is the tens digit of k(-1)?
8
Let g be 2/(-3) + (-13)/3. Let w be (g + -13)*(2 + -1). What is the units digit of (w - -48)*(0 + 2)?
0
Suppose -4*x - 2*n = -2174, -9*n = 5*x - 4*n - 2710. What is the units digit of x?
5
Let r(n) = -4*n + 41. Let q be r(10). Suppose -s = -2*w - 3 - 6, 2*w - q = -s. What is the units digit of s?
5
Let i(g) = -4*g + 58. Let w = 63 - 80. What is the tens digit of i(w)?
2
Let c = -95 - -97. Suppose 0*p + 83 = p + 5*y, -4*y + 160 = c*p. What is the tens digit of p?
7
Let f(o) = o**3 + 4*o**2 + o - 3. Let x be f(-2). Suppose 2*n - j - x = 0, n + n - 5 = 3*j. Let p = n - -15. What is the tens digit of p?
1
Suppose 12*q - 13*q = -5. Let u be 0/(-1) - -36 - 0. Suppose -4*b + q*b - 31 = -4*d, 4*b = -5*d + u. What is the units digit of d?
8
Let q = 296 + 406. What is the hundreds digit of q?
7
Let n = 12 - 6. Let q = 4 - n. What is the units digit of (-1 - -3)/q + 8?
7
Suppose -2*m = -5*x - 5993, m = -134*x + 133*x + 3007. What is the tens digit of m?
0
Suppose -4*l + 2*l - 9436 = -3*p, 12 = 3*l. What is the tens digit of p?
4
Suppose -4*u + 3175 + 1089 = 0. What is the hundreds digit of u?
0
Suppose 0 = 9*u - 65 - 43. What is the hundreds digit of 156 - (-27)/u*12/(-9)?
1
Let l be (-65)/(-6) + (-3)/(-18). Let g = 7 - l. Let j = 25 + g. What is the tens digit of j?
2
Suppose -2*m - 4 = 2*m. Let t = 0 + m. What is the units digit of t - 4/(-4) - -6?
6
Let s(m) = 12*m + 2. Let w be s(1). Let u = 6 - w. Let o(c) = -c**3 - 8*c**2 + 11. What is the tens digit of o(u)?
1
What is the hundreds digit of 2/(0 - 1) + 285?
2
Suppose -31 + 34 = d. Let i(k) = 37*k**2 + k + 3. What is the hundreds digit of i(d)?
3
Suppose -2*w - 16 + 48 = -3*l, 0 = -4*w - 3*l + 28. Let x(j) be the second derivative of j**4/12 - 5*j**3/3 + 7*j**2/2 + j. What is the units digit of x(w)?
7
Let g = -17 - -43. Let m be 4/12 - g/6. What is the units digit of m/(-2) + -6 + 13?
9
Let v(p) = -157*p**3 + 5*p**2 - 2*p + 2. What is the thousands digit of v(-2)?
1
Let z(p) = -p - 1. Suppose 5*u + 23 = -2*c - 3, 4*c + 4 = 2*u. What is the units digit of z(c)?
2
Let x be (2 - 0) + 0 + 54. Suppose -9*w + 5*w = x. Let c = 22 + w. What is the units digit of c?
8
Let u(l) = 33*l - 2 + 3*l**2 - 4*l**2 - 6*l + 41. What is the units digit of u(24)?
1
Let m(u) = u**2 - 21*u + 42. What is the hundreds digit of m(31)?
3
Suppose 11 = 4*k - 965. Let g = 380 - k. What is the units digit of g?
6
Let a(n) = n**2 - 39*n + 85. What is the tens digit of a(40)?
2
Let f(u) = -4*u**3 + u**2 + u + 1. Let n be f(-1). Let i = n + 2. Suppose i*a - 6*a - 30 = 0. What is the units digit of a?
0
What is the units digit of (2048/640)/(1/235)?
2
Suppose 3*z - 12*u = -8*u + 940, 310 = z - 2*u. What is the units digit of z?
0
Let a be 1*((-9)/3)/3. Let x(g) = 35*g**2 - 1. What is the units digit of x(a)?
4
Let d(u) = 21*u + 150. What is the units digit of d(29)?
9
Let t be ((-124)/8 + 1)*10. What is the units digit of (t/(-10))/((-2)/8*-2)?
9
Suppose 5*y - 4*y = -5*n - 264, -2*y = n + 60. What is the units digit of n/8 + 6 - (-481)/2?
0
Let i(y) = 398*y**2 - 2*y - 1. What is the hundreds digit of i(-1)?
3
Let v(d) = -8*d - 5. Let w be v(-1). Suppose -53 - 199 = -w*f. What is the units digit of f?
4
What is the thousands digit of 42*20/18*(-5151)/(-68)?
3
Let n = -18 - -21. Suppose -i = n*i - 48. What is the tens digit of 208/i + (-8)/(-12)?
1
Let f be (-84)/(-24) - (-3)/(-2). Let p(s) = -3 - 2 + 3*s**2 - 4*s**f + 8*s + 0*s. What is the units digit of p(6)?
7
Suppose 4*u + 14 = -6. What is the tens digit of -2 - -34 - (-1 - u)?
2
Suppose 23*a + 16 = 24*a. Suppose -a + 48 = 4*m. What is the units digit of m?
8
Suppose -50*q = -52*q + 158. What is the tens digit of q?
7
What is the thousands digit of 195/6*(-1258)/(-17)?
2
Suppose -j + 287 + 372 = 0. What is the hundreds digit of j?
6
Let t(f) = -2*f + 2*f - 2 - 8*f + f**3 - 7*f**2. Let h be t(8). Let o(z) = 3*z**2 - 4*z - 3. What is the tens digit